{"id":1486,"date":"2022-07-24T12:46:29","date_gmt":"2022-07-24T12:46:29","guid":{"rendered":"https:\/\/site1.widetech-dz.com\/?post_type=product&#038;p=1486"},"modified":"2022-07-24T12:46:29","modified_gmt":"2022-07-24T12:46:29","slug":"tapis-roulant","status":"publish","type":"product","link":"https:\/\/site1.widetech-dz.com\/index.php\/product\/tapis-roulant\/","title":{"rendered":"Tapis roulant"},"content":{"rendered":"<p>Le KONE TravelMaster 115 est une rampe inclin\u00e9e offrant un acc\u00e8s facile et s\u00fbr dans les environnements aux besoins exigeants en terme de circulation des personnes : centres commerciaux, grands magasins, supermarch\u00e9s et hypermarch\u00e9s. \u2022 Environnement : int\u00e9rieur, semi-ext\u00e9rieur \u2022 Vitesse : 0,5 \u2022 Inclinaison : 10 &#8211; 12\u00ba \u2022 Largeur de palette : 1 000 mm \u2022 Course verticale : jusqu&#8217;\u00e0 7 m \u2022 La s\u00e9curit\u00e9 est \u00e0 la base de toutes les solutions KONE. Le KONE TravelMaster 115 est conforme \u00e0 tous les codes de s\u00e9curit\u00e9 locaux et internationaux. \u2022 Nous proposons des options de s\u00e9curit\u00e9 suppl\u00e9mentaires afin de r\u00e9duire encore davantage les risques d&#8217;accidents. \u00c9CO-EFFICIENCE \u2022 Les modes fonctionnels intelligents et le variateur de fr\u00e9quence optimisent la consommation d&#8217;\u00e9nergie dans diff\u00e9rentes conditions de charge \u2022 L&#8217;\u00e9clairage LED longue dur\u00e9e est jusqu&#8217;\u00e0 80 % plus efficient que l&#8217;\u00e9clairage fluorescent et dure jusqu&#8217;\u00e0 10 fois plus longtemps \u2022 La variation de fr\u00e9quence permet des d\u00e9marrages en douceur et minimise les consommations \u00e9nerg\u00e9tiques \u00e0 pleine vitesse \u2022 La technologie de r\u00e9g\u00e9n\u00e9ration diminue la consommation \u00e9nerg\u00e9tique en recyclant l&#8217;\u00e9nergie et en la r\u00e9injectant dans le syst\u00e8me S\u00c9CURIT\u00c9 Ayez l&#8217;esprit tranquille gr\u00e2ce \u00e0 nos derni\u00e8res solutions technologiques de s\u00e9curit\u00e9 : \u2022 Notre balustrade haute (1 100 mm) am\u00e9liore la s\u00e9curit\u00e9 des usagers dans les b\u00e2timents comprenant plusieurs \u00e9quipements \u2022 De nouvelles solutions de signalisation de trafic pour assurer un meilleur guidage \u2022 Des barri\u00e8res garde-corps et des balustrades prolong\u00e9es pour apporter une protection suppl\u00e9mentaire des passagers<\/p>\n","protected":false},"excerpt":{"rendered":"<p>Le KONE TravelMaster 115 est une rampe inclin\u00e9e offrant un acc\u00e8s facile et s\u00fbr dans les environnements aux besoins exigeants en terme de circulation des personnes : centres commerciaux, grands magasins, supermarch\u00e9s et hypermarch\u00e9s. \u2022 Environnement : int\u00e9rieur, semi-ext\u00e9rieur \u2022 Vitesse : 0,5 \u2022 Inclinaison : 10 &#8211; 12\u00ba \u2022 Largeur de palette : 1&hellip;<\/p>\n","protected":false},"featured_media":1489,"comment_status":"open","ping_status":"closed","template":"","meta":{"om_disable_all_campaigns":false,"_mi_skip_tracking":false},"product_cat":[38,59],"product_tag":[],"aioseo_notices":[],"_links":{"self":[{"href":"https:\/\/site1.widetech-dz.com\/index.php\/wp-json\/wp\/v2\/product\/1486"}],"collection":[{"href":"https:\/\/site1.widetech-dz.com\/index.php\/wp-json\/wp\/v2\/product"}],"about":[{"href":"https:\/\/site1.widetech-dz.com\/index.php\/wp-json\/wp\/v2\/types\/product"}],"replies":[{"embeddable":true,"href":"https:\/\/site1.widetech-dz.com\/index.php\/wp-json\/wp\/v2\/comments?post=1486"}],"wp:featuredmedia":[{"embeddable":true,"href":"https:\/\/site1.widetech-dz.com\/index.php\/wp-json\/wp\/v2\/media\/1489"}],"wp:attachment":[{"href":"https:\/\/site1.widetech-dz.com\/index.php\/wp-json\/wp\/v2\/media?parent=1486"}],"wp:term":[{"taxonomy":"product_cat","embeddable":true,"href":"https:\/\/site1.widetech-dz.com\/index.php\/wp-json\/wp\/v2\/product_cat?post=1486"},{"taxonomy":"product_tag","embeddable":true,"href":"https:\/\/site1.widetech-dz.com\/index.php\/wp-json\/wp\/v2\/product_tag?post=1486"}],"curies":[{"name":"wp","href":"https:\/\/api.w.org\/{rel}","templated":true}]}}