{"id":1481,"date":"2022-07-24T12:39:41","date_gmt":"2022-07-24T12:39:41","guid":{"rendered":"https:\/\/site1.widetech-dz.com\/?post_type=product&#038;p=1481"},"modified":"2022-07-24T12:39:41","modified_gmt":"2022-07-24T12:39:41","slug":"escalateur","status":"publish","type":"product","link":"https:\/\/site1.widetech-dz.com\/index.php\/product\/escalateur\/","title":{"rendered":"Escalateur"},"content":{"rendered":"<p data-spm-anchor-id=\"a2700.details.0.i8.5bd23342jCjo5n\">1. simplifi\u00e9 syst\u00e8me de main courante en acier inoxydable refl\u00e8te le style noble de l&#8217;europe de l&#8217;ouest avec ses 180 degr\u00e9s d&#8217;arc fin et noir d&#8217;entr\u00e9e.<\/p>\n<p>2. syst\u00e8me avanc\u00e9 de contr\u00f4le et de dispositif d&#8217;entra\u00eenement, cha\u00eene d&#8217;entra\u00eenement sup\u00e9rieur, excellente ex\u00e9cution assure le fonctionnement confortable.<\/p>\n<p>3. la s\u00e9curit\u00e9 des fonctions de protection autant que 21 articles se conformer pleinement aux nationaux et la norme europ\u00e9enne.<\/p>\n<p>4. syst\u00e8me de lubrification automatique lubrifie toutes sortes de composants de l&#8217;entra\u00eenement, ce qui prolonge consid\u00e9rablement la vie quantit\u00e9produits op\u00e9ration<\/p>\n<p>5. l&#8217;application de lecteur vvvf( en option) rend escalator( d\u00e9placement.&#8217;walk) \u00eatre une repr\u00e9sentation des produits d&#8217;\u00e9conomie d&#8217;\u00e9nergie. Par le contr\u00f4le des flux de trafic<\/p>\n<p>En temps opportun au moyen de la photo du capteur \u00e9lectrique situ\u00e9 \u00e0 l&#8217;entr\u00e9e de l&#8217;escalier, la r\u00e9alisation de mouvement automatique avec une grande \u00e9nergie \u00e9conomis\u00e9e.<\/p>\n<p>6. micro.- syst\u00e8me contr\u00f4l\u00e9 par ordinateur effectue avec calcul rapide de vitesse, haute fiable d\u00e9placement., and avec code d&#8217;\u00e9chec fixe. alo, facile \u00e0 \u00eatre entretenue.<\/p>\n<p data-spm-anchor-id=\"a2700.details.0.i7.5bd23342jCjo5n\">7. dispositif d&#8217;entra\u00eenement dispos\u00e9s verticalement sssures assez d&#8217;espace et convinience pour l&#8217;entretien<\/p>\n","protected":false},"excerpt":{"rendered":"<p>1. simplifi\u00e9 syst\u00e8me de main courante en acier inoxydable refl\u00e8te le style noble de l&#8217;europe de l&#8217;ouest avec ses 180 degr\u00e9s d&#8217;arc fin et noir d&#8217;entr\u00e9e. 2. syst\u00e8me avanc\u00e9 de contr\u00f4le et de dispositif d&#8217;entra\u00eenement, cha\u00eene d&#8217;entra\u00eenement sup\u00e9rieur, excellente ex\u00e9cution assure le fonctionnement confortable. 3. la s\u00e9curit\u00e9 des fonctions de protection autant que 21 articles&hellip;<\/p>\n","protected":false},"featured_media":1485,"comment_status":"open","ping_status":"closed","template":"","meta":{"om_disable_all_campaigns":false,"_mi_skip_tracking":false},"product_cat":[58,38],"product_tag":[],"aioseo_notices":[],"_links":{"self":[{"href":"https:\/\/site1.widetech-dz.com\/index.php\/wp-json\/wp\/v2\/product\/1481"}],"collection":[{"href":"https:\/\/site1.widetech-dz.com\/index.php\/wp-json\/wp\/v2\/product"}],"about":[{"href":"https:\/\/site1.widetech-dz.com\/index.php\/wp-json\/wp\/v2\/types\/product"}],"replies":[{"embeddable":true,"href":"https:\/\/site1.widetech-dz.com\/index.php\/wp-json\/wp\/v2\/comments?post=1481"}],"wp:featuredmedia":[{"embeddable":true,"href":"https:\/\/site1.widetech-dz.com\/index.php\/wp-json\/wp\/v2\/media\/1485"}],"wp:attachment":[{"href":"https:\/\/site1.widetech-dz.com\/index.php\/wp-json\/wp\/v2\/media?parent=1481"}],"wp:term":[{"taxonomy":"product_cat","embeddable":true,"href":"https:\/\/site1.widetech-dz.com\/index.php\/wp-json\/wp\/v2\/product_cat?post=1481"},{"taxonomy":"product_tag","embeddable":true,"href":"https:\/\/site1.widetech-dz.com\/index.php\/wp-json\/wp\/v2\/product_tag?post=1481"}],"curies":[{"name":"wp","href":"https:\/\/api.w.org\/{rel}","templated":true}]}}