{"id":1341,"date":"2022-07-22T21:27:28","date_gmt":"2022-07-22T21:27:28","guid":{"rendered":"https:\/\/site1.widetech-dz.com\/?post_type=product&#038;p=1341"},"modified":"2022-07-22T21:27:28","modified_gmt":"2022-07-22T21:27:28","slug":"herses-ou-blocs-routiers","status":"publish","type":"product","link":"https:\/\/site1.widetech-dz.com\/index.php\/product\/herses-ou-blocs-routiers\/","title":{"rendered":"HERSES OU BLOCS ROUTIERS"},"content":{"rendered":"<p>Permettent d\u2019emp\u00eacher le franchissement d\u2019un acc\u00e8s par arr\u00eat ou destruction sur place des v\u00e9hicules routiers (VL et PL). Ils sont plac\u00e9s devant ou derri\u00e8re les portails, ou barri\u00e8res levantes). C\u2019est l\u2019assurance d\u2019une s\u00e9curit\u00e9 et d\u2019un contr\u00f4le optimal en toutes circonstances.<\/p>\n<p>Encastr\u00e9s dans un radier ou dans un d\u00e9caissement, dans la largeur de la voie \u00e0 prot\u00e9ger.<\/p>\n","protected":false},"excerpt":{"rendered":"<p>Dispositifs d\u2019entrainement suivant mod\u00e8le et \u00e9tude personnalis\u00e9e.<\/p>\n","protected":false},"featured_media":1333,"comment_status":"open","ping_status":"closed","template":"","meta":{"om_disable_all_campaigns":false,"_mi_skip_tracking":false},"product_cat":[37,52],"product_tag":[],"aioseo_notices":[],"_links":{"self":[{"href":"https:\/\/site1.widetech-dz.com\/index.php\/wp-json\/wp\/v2\/product\/1341"}],"collection":[{"href":"https:\/\/site1.widetech-dz.com\/index.php\/wp-json\/wp\/v2\/product"}],"about":[{"href":"https:\/\/site1.widetech-dz.com\/index.php\/wp-json\/wp\/v2\/types\/product"}],"replies":[{"embeddable":true,"href":"https:\/\/site1.widetech-dz.com\/index.php\/wp-json\/wp\/v2\/comments?post=1341"}],"wp:featuredmedia":[{"embeddable":true,"href":"https:\/\/site1.widetech-dz.com\/index.php\/wp-json\/wp\/v2\/media\/1333"}],"wp:attachment":[{"href":"https:\/\/site1.widetech-dz.com\/index.php\/wp-json\/wp\/v2\/media?parent=1341"}],"wp:term":[{"taxonomy":"product_cat","embeddable":true,"href":"https:\/\/site1.widetech-dz.com\/index.php\/wp-json\/wp\/v2\/product_cat?post=1341"},{"taxonomy":"product_tag","embeddable":true,"href":"https:\/\/site1.widetech-dz.com\/index.php\/wp-json\/wp\/v2\/product_tag?post=1341"}],"curies":[{"name":"wp","href":"https:\/\/api.w.org\/{rel}","templated":true}]}}