{"id":1166,"date":"2022-07-21T23:18:05","date_gmt":"2022-07-21T23:18:05","guid":{"rendered":"https:\/\/site1.widetech-dz.com\/?post_type=product&#038;p=1166"},"modified":"2022-07-21T23:40:54","modified_gmt":"2022-07-21T23:40:54","slug":"monte-escalier-capri","status":"publish","type":"product","link":"https:\/\/site1.widetech-dz.com\/index.php\/product\/monte-escalier-capri\/","title":{"rendered":"MONTE-ESCALIER CAPRI"},"content":{"rendered":"<p style=\"text-align: justify;\">Dimensions, encombrement, consommation \u00e9nerg\u00e9tique du fauteuil monte-escalier pour escalier courbe, \u00e9galement appel\u00e9 chaise ou si\u00e8ge pour monter les escaliers.<br \/>\n<strong>Commande de mouvement:<\/strong>\u00a0c\u2019est une manette ergonomique. D\u2019un simple geste, vous pouvez actionner le fauteuil Vimec Capri. Cette manette peut \u00eatre mont\u00e9e soit sur l\u2019accoudoir de droite soit sur l\u2019accoudoir de gauche, selon les exigences de la personne qui l\u2019utilise.<br \/>\n<strong>Capteurs de s\u00e9curit\u00e9:<\/strong>\u00a0plac\u00e9s sur le repose-pied et sur le chariot, les capteurs permettent d\u2019arr\u00eater le fauteuil monte-escalier en douceur en cas d\u2019obstacles le long des escaliers (syst\u00e8mes antichoc et anti-cisaillement, ou anti-coupure).<br \/>\n<strong>Ceinture de s\u00e9curit\u00e9:<\/strong>\u00a0facile \u00e0 utiliser, la ceinture permet aux personnes \u00e2g\u00e9es de se sentir \u00e0 l\u2019aise puisqu\u2019elle s\u2019adapte \u00e0 leur taille.<br \/>\n<strong>Repliable en un seul geste:<\/strong>\u00a0d\u2019un simple geste, en soulevant un accoudoir, vous pouvez replier en m\u00eame temps le fauteuil monte-escalier, le deuxi\u00e8me accoudoir et le repose-pieds, sans vous plier.<br \/>\n<strong>Assise pivotante:<\/strong>\u00a0une manette tr\u00e8s pratique vous permet, en la maintenant enfonc\u00e9e, de faire pivoter le fauteuil tout en bas et tout en haut de l\u2019escalier afin de monter et de descendre facilement, de fa\u00e7on pratique et s\u00fbre.<br \/>\n<strong>T\u00e9l\u00e9commande \u00e0 infrarouges:<\/strong>\u00a0pas besoin de fil, vous pouvez rappeler le monte-escalier Capri \u00e0 l\u2019\u00e9tage de d\u00e9part ou d\u2019arriv\u00e9e.<br \/>\nLa <strong>batterie<\/strong>\u00a0qui est toujours en recharge assure son utilisation m\u00eame sans \u00e9lectricit\u00e9.<\/p>\n","protected":false},"excerpt":{"rendered":"<p>Monter et descendre les escaliers en restant\u00a0<strong>tranquillement assis<\/strong>, en totale\u00a0<strong>s\u00e9curit\u00e9<\/strong>\u00a0et avec un maximum de\u00a0<strong>confort<\/strong>, avec un\u00a0<strong>monte-escalier pratique<\/strong>\u00a0et\u00a0<strong>facile \u00e0 utiliser<\/strong>, c\u2019est la solution que vous propose <strong>Widetech services Alg\u00e9rie<\/strong> avec le Mod\u00e8le\u00a0 <strong>Vimec<\/strong>, attentive aux besoins de la famille et des personnes du troisi\u00e8me \u00e2ge qui n\u2019entendent pas se priver de leur propre <strong>autonomie<\/strong>.<\/p>\n","protected":false},"featured_media":1168,"comment_status":"open","ping_status":"closed","template":"","meta":{"om_disable_all_campaigns":false,"_mi_skip_tracking":false},"product_cat":[30,41],"product_tag":[],"aioseo_notices":[],"_links":{"self":[{"href":"https:\/\/site1.widetech-dz.com\/index.php\/wp-json\/wp\/v2\/product\/1166"}],"collection":[{"href":"https:\/\/site1.widetech-dz.com\/index.php\/wp-json\/wp\/v2\/product"}],"about":[{"href":"https:\/\/site1.widetech-dz.com\/index.php\/wp-json\/wp\/v2\/types\/product"}],"replies":[{"embeddable":true,"href":"https:\/\/site1.widetech-dz.com\/index.php\/wp-json\/wp\/v2\/comments?post=1166"}],"wp:featuredmedia":[{"embeddable":true,"href":"https:\/\/site1.widetech-dz.com\/index.php\/wp-json\/wp\/v2\/media\/1168"}],"wp:attachment":[{"href":"https:\/\/site1.widetech-dz.com\/index.php\/wp-json\/wp\/v2\/media?parent=1166"}],"wp:term":[{"taxonomy":"product_cat","embeddable":true,"href":"https:\/\/site1.widetech-dz.com\/index.php\/wp-json\/wp\/v2\/product_cat?post=1166"},{"taxonomy":"product_tag","embeddable":true,"href":"https:\/\/site1.widetech-dz.com\/index.php\/wp-json\/wp\/v2\/product_tag?post=1166"}],"curies":[{"name":"wp","href":"https:\/\/api.w.org\/{rel}","templated":true}]}}