{"id":1163,"date":"2022-07-21T22:53:49","date_gmt":"2022-07-21T22:53:49","guid":{"rendered":"https:\/\/site1.widetech-dz.com\/?post_type=product&#038;p=1163"},"modified":"2022-07-21T22:54:50","modified_gmt":"2022-07-21T22:54:50","slug":"monte-escalier-ischia","status":"publish","type":"product","link":"https:\/\/site1.widetech-dz.com\/index.php\/product\/monte-escalier-ischia\/","title":{"rendered":"MONTE-ESCALIER ISCHIA"},"content":{"rendered":"<p style=\"text-align: justify;\">Dimensions, encombrement, consommation \u00e9nerg\u00e9tique du fauteuil monte-escalier pour une rampe droite, \u00e9galement appel\u00e9 chaise ou si\u00e8ge pour monter les escaliers, monte-escalier.<br \/>\n<strong>Commande de mouvement<\/strong>: c\u2019est une\u00a0<strong>manette ergonomique<\/strong>. D\u2019un simple geste, vous pouvez actionner le fauteuil <strong>Vimec Ischia<\/strong>. Cette manette peut \u00eatre mont\u00e9e soit sur l\u2019accoudoir de droite soit sur l\u2019accoudoir de gauche, selon les exigences de la personne qui l\u2019utilise. Une cl\u00e9 extractible permettant l\u2019activation et la d\u00e9sactivation de la fonction de mouvement est toujours pr\u00e9sente.<br \/>\n<strong>Capteurs de s\u00e9curit\u00e9<\/strong>: plac\u00e9s sur le repose-pied et sur le chariot, les capteurs permettent d\u2019arr\u00eater le fauteuil monte-escalier en douceur en cas d\u2019obstacles le long des escaliers (syst\u00e8mes antichoc et anti-cisaillement, ou anti-coupure).<br \/>\n<strong>Ceinture de s\u00e9curit\u00e9<\/strong>: facile \u00e0 utiliser, la ceinture permet aux personnes \u00e2g\u00e9es de se sentir \u00e0 l\u2019aise puisqu\u2019elle s\u2019adapte \u00e0 leur taille, avec r\u00e9tracteur automatique pour ne pas fatiguer l\u2019utilisateur \u00e2g\u00e9.<br \/>\nRepose-pieds: robuste et s\u00fbr, il se replie avec les accoudoirs et l\u2019assise pour garantir un encombrement minimum de votre escalier<br \/>\n<strong>Assise pivotante<\/strong>: une manette tr\u00e8s pratique vous permet, en la maintenant enfonc\u00e9e, de faire pivoter le fauteuil tout en bas et tout en haut de l\u2019escalier afin de monter et de descendre facilement, de fa\u00e7on pratique et s\u00fbre.<br \/>\n<strong>T\u00e9l\u00e9commande \u00e0 infrarouges<\/strong>: pas besoin de fil, vous pouvez rappeler le monte-escalier Ischia \u00e0 l\u2019\u00e9tage de d\u00e9part ou d\u2019arriv\u00e9e. R\u00e9glage de la largeur des accoudoirs et de la hauteur du si\u00e8ge : choisissez l\u2019assise la plus confortable pour vous. La batterie qui est toujours en recharge (soit en position d\u2019arriv\u00e9e soit en position de d\u00e9part) assure son utilisation m\u00eame sans \u00e9lectricit\u00e9.<\/p>\n","protected":false},"excerpt":{"rendered":"<p>Pour un seul \u00e9tage, Widetech Services Alg\u00e9rie vous le<strong> fauteuil monte-escalier Ischia<\/strong>, marque\u00a0 <strong>Vimec <\/strong>avec une assise moderne et un design s\u00e9duisant, confortable pour toute personne \u00e2g\u00e9e.<\/p>\n","protected":false},"featured_media":1165,"comment_status":"open","ping_status":"closed","template":"","meta":{"om_disable_all_campaigns":false,"_mi_skip_tracking":false},"product_cat":[30,41],"product_tag":[],"aioseo_notices":[],"_links":{"self":[{"href":"https:\/\/site1.widetech-dz.com\/index.php\/wp-json\/wp\/v2\/product\/1163"}],"collection":[{"href":"https:\/\/site1.widetech-dz.com\/index.php\/wp-json\/wp\/v2\/product"}],"about":[{"href":"https:\/\/site1.widetech-dz.com\/index.php\/wp-json\/wp\/v2\/types\/product"}],"replies":[{"embeddable":true,"href":"https:\/\/site1.widetech-dz.com\/index.php\/wp-json\/wp\/v2\/comments?post=1163"}],"wp:featuredmedia":[{"embeddable":true,"href":"https:\/\/site1.widetech-dz.com\/index.php\/wp-json\/wp\/v2\/media\/1165"}],"wp:attachment":[{"href":"https:\/\/site1.widetech-dz.com\/index.php\/wp-json\/wp\/v2\/media?parent=1163"}],"wp:term":[{"taxonomy":"product_cat","embeddable":true,"href":"https:\/\/site1.widetech-dz.com\/index.php\/wp-json\/wp\/v2\/product_cat?post=1163"},{"taxonomy":"product_tag","embeddable":true,"href":"https:\/\/site1.widetech-dz.com\/index.php\/wp-json\/wp\/v2\/product_tag?post=1163"}],"curies":[{"name":"wp","href":"https:\/\/api.w.org\/{rel}","templated":true}]}}