{"id":1298,"date":"2022-07-22T13:37:09","date_gmt":"2022-07-22T13:37:09","guid":{"rendered":"https:\/\/site1.widetech-dz.com\/?page_id=1298"},"modified":"2022-07-23T18:54:07","modified_gmt":"2022-07-23T18:54:07","slug":"acces-batiments","status":"publish","type":"page","link":"https:\/\/site1.widetech-dz.com\/index.php\/acces-batiments\/","title":{"rendered":"ACC\u00c8S B\u00c2TIMENTS"},"content":{"rendered":"\t\t<div data-elementor-type=\"wp-page\" data-elementor-id=\"1298\" class=\"elementor elementor-1298\">\n\t\t\t\t\t\t\t\t\t<section class=\"elementor-section elementor-top-section elementor-element elementor-element-1dd54641 elementor-section-full_width elementor-section-height-min-height elementor-section-items-stretch elementor-section-content-middle elementor-section-height-default wpr-particle-no wpr-jarallax-no wpr-parallax-no wpr-sticky-section-no\" data-id=\"1dd54641\" data-element_type=\"section\">\n\t\t\t\t\t\t<div class=\"elementor-container elementor-column-gap-no\">\n\t\t\t\t\t<div class=\"elementor-column elementor-col-50 elementor-top-column elementor-element elementor-element-2830de3c\" data-id=\"2830de3c\" data-element_type=\"column\">\n\t\t\t<div class=\"elementor-widget-wrap elementor-element-populated\">\n\t\t\t\t\t\t\t\t<div class=\"elementor-element elementor-element-149ed383 elementor-widget elementor-widget-heading\" data-id=\"149ed383\" data-element_type=\"widget\" data-widget_type=\"heading.default\">\n\t\t\t\t<div class=\"elementor-widget-container\">\n\t\t\t<style>\/*! elementor - v3.9.0 - 06-12-2022 *\/\n.elementor-heading-title{padding:0;margin:0;line-height:1}.elementor-widget-heading .elementor-heading-title[class*=elementor-size-]>a{color:inherit;font-size:inherit;line-height:inherit}.elementor-widget-heading .elementor-heading-title.elementor-size-small{font-size:15px}.elementor-widget-heading .elementor-heading-title.elementor-size-medium{font-size:19px}.elementor-widget-heading .elementor-heading-title.elementor-size-large{font-size:29px}.elementor-widget-heading .elementor-heading-title.elementor-size-xl{font-size:39px}.elementor-widget-heading .elementor-heading-title.elementor-size-xxl{font-size:59px}<\/style><h2 class=\"elementor-heading-title elementor-size-default\">ACC\u00c8S B\u00c2TIMENTS FERMETURES INDUSTRIELLES<\/h2>\t\t<\/div>\n\t\t\t\t<\/div>\n\t\t\t\t<div class=\"elementor-element elementor-element-9322d7e elementor-widget elementor-widget-text-editor\" data-id=\"9322d7e\" data-element_type=\"widget\" data-widget_type=\"text-editor.default\">\n\t\t\t\t<div class=\"elementor-widget-container\">\n\t\t\t<style>\/*! elementor - v3.9.0 - 06-12-2022 *\/\n.elementor-widget-text-editor.elementor-drop-cap-view-stacked .elementor-drop-cap{background-color:#818a91;color:#fff}.elementor-widget-text-editor.elementor-drop-cap-view-framed .elementor-drop-cap{color:#818a91;border:3px solid;background-color:transparent}.elementor-widget-text-editor:not(.elementor-drop-cap-view-default) .elementor-drop-cap{margin-top:8px}.elementor-widget-text-editor:not(.elementor-drop-cap-view-default) .elementor-drop-cap-letter{width:1em;height:1em}.elementor-widget-text-editor .elementor-drop-cap{float:left;text-align:center;line-height:1;font-size:50px}.elementor-widget-text-editor .elementor-drop-cap-letter{display:inline-block}<\/style>\t\t\t\t<p><strong>Widetech Services Alg\u00e9rie<\/strong>, gr\u00e2ce \u00e0 son expertise et son exp\u00e9rience, choisie les meilleurs partenaires pour r\u00e9pondre, dans les meilleures conditions de qualit\u00e9 et de prix, \u00e0 toutes les exigences de vos b\u00e2timents, selon vos utilisations, et votre m\u00e9tier.<\/p><p>Notre conseiller technique vous fait une offre apr\u00e8s r\u00e9ception du dossier technique (plans, cahier des charges, etc) ou se d\u00e9place directement sur site, pour faire un relev\u00e9 d\u00e9taill\u00e9.<\/p>\t\t\t\t\t\t<\/div>\n\t\t\t\t<\/div>\n\t\t\t\t\t<\/div>\n\t\t<\/div>\n\t\t\t\t<div class=\"elementor-column elementor-col-50 elementor-top-column elementor-element elementor-element-321c91aa\" data-id=\"321c91aa\" data-element_type=\"column\" data-settings=\"{&quot;background_background&quot;:&quot;classic&quot;}\">\n\t\t\t<div class=\"elementor-widget-wrap elementor-element-populated\">\n\t\t\t\t\t\t\t\t<div class=\"elementor-element elementor-element-5c70250f elementor-widget elementor-widget-image\" data-id=\"5c70250f\" data-element_type=\"widget\" data-widget_type=\"image.default\">\n\t\t\t\t<div class=\"elementor-widget-container\">\n\t\t\t<style>\/*! elementor - v3.9.0 - 06-12-2022 *\/\n.elementor-widget-image{text-align:center}.elementor-widget-image a{display:inline-block}.elementor-widget-image a img[src$=\".svg\"]{width:48px}.elementor-widget-image img{vertical-align:middle;display:inline-block}<\/style>\t\t\t\t\t\t\t\t\t\t\t\t<img decoding=\"async\" width=\"266\" height=\"190\" src=\"https:\/\/site1.widetech-dz.com\/wp-content\/uploads\/2022\/07\/ab1.jpg\" class=\"attachment-full size-full wp-image-1365\" alt=\"\" loading=\"lazy\" \/>\t\t\t\t\t\t\t\t\t\t\t\t\t\t\t<\/div>\n\t\t\t\t<\/div>\n\t\t\t\t\t<\/div>\n\t\t<\/div>\n\t\t\t\t\t\t\t<\/div>\n\t\t<\/section>\n\t\t\t\t<section class=\"elementor-section elementor-top-section elementor-element elementor-element-e6a81a2 elementor-section-boxed elementor-section-height-default elementor-section-height-default wpr-particle-no wpr-jarallax-no wpr-parallax-no wpr-sticky-section-no\" data-id=\"e6a81a2\" data-element_type=\"section\">\n\t\t\t\t\t\t<div class=\"elementor-container elementor-column-gap-default\">\n\t\t\t\t\t<div class=\"elementor-column elementor-col-100 elementor-top-column elementor-element elementor-element-e033b7d\" data-id=\"e033b7d\" data-element_type=\"column\">\n\t\t\t<div class=\"elementor-widget-wrap\">\n\t\t\t\t\t\t\t\t\t<\/div>\n\t\t<\/div>\n\t\t\t\t\t\t\t<\/div>\n\t\t<\/section>\n\t\t\t\t<section class=\"elementor-section elementor-top-section elementor-element elementor-element-379cc2a3 elementor-section-boxed elementor-section-height-default elementor-section-height-default wpr-particle-no wpr-jarallax-no wpr-parallax-no wpr-sticky-section-no\" data-id=\"379cc2a3\" data-element_type=\"section\">\n\t\t\t\t\t\t<div class=\"elementor-container elementor-column-gap-default\">\n\t\t\t\t\t<div class=\"elementor-column elementor-col-100 elementor-top-column elementor-element elementor-element-4bc62dde\" data-id=\"4bc62dde\" data-element_type=\"column\">\n\t\t\t<div class=\"elementor-widget-wrap elementor-element-populated\">\n\t\t\t\t\t\t\t\t<div class=\"elementor-element elementor-element-7f77714a premium-woo-product-align-center elementor-widget elementor-widget-premium-woo-products\" data-id=\"7f77714a\" data-element_type=\"widget\" data-widget_type=\"premium-woo-products.grid-3\">\n\t\t\t\t<div class=\"elementor-widget-container\">\n\t\t\t<div class=\"premium-woo-metro-style1 premium-woocommerce premium-woo-products-grid premium-woo-skin-grid-3 premium-woo-query-custom\" data-page-id=\"1298\" data-skin=\"grid_3\" data-quick-view=\"yes\"><div class=\"premium-woo-products-inner premium-woo-product__hover-swap\">\n\t<ul class=\"products wpex-row wpex-clr match-height-grid\">\n\n\r\n<li class=\" post-1397 product first instock shipping-taxable product-type-simple\">\r\n\t<div class=\"premium-woo-product-wrapper\">\r\n\t\t<div class=\"premium-woo-product-thumbnail\"><a href=\"https:\/\/site1.widetech-dz.com\/index.php\/product\/sas-unipersonnel\/\" class=\"woocommerce-LoopProduct-link woocommerce-loop-product__link\"><img decoding=\"async\" src=\"https:\/\/site1.widetech-dz.com\/wp-content\/uploads\/2022\/07\/SAS-UNIPERSONNEL-sas-pmr.jpg\"><img decoding=\"async\" width=\"640\" height=\"400\" src=\"https:\/\/site1.widetech-dz.com\/wp-content\/uploads\/2022\/07\/SAS-UNIPERSONNEL-sas-pmr-3-Copie.jpg\" class=\"premium-woo-product__on_hover\" alt=\"\" loading=\"lazy\" \/><\/a><div class=\"premium-woo-qv-data\" data-product-id=\"1397\"><\/div><\/div><div class=\"premium-woo-products-details-wrap\"><a href=\"https:\/\/site1.widetech-dz.com\/index.php\/product\/sas-unipersonnel\/\" class=\"premium-woo-product__link\"><a href=\"https:\/\/site1.widetech-dz.com\/index.php\/product\/sas-unipersonnel\/\"><h2 class=\"woocommerce-loop-product__title\">SAS UNIPERSONNEL<\/h2><\/a><\/a><\/div>\t<\/div>\r\n<\/li>\r\n\r\n<li class=\" post-1393 product  instock shipping-taxable product-type-simple\">\r\n\t<div class=\"premium-woo-product-wrapper\">\r\n\t\t<div class=\"premium-woo-product-thumbnail\"><a href=\"https:\/\/site1.widetech-dz.com\/index.php\/product\/porte-coullisante-automatise\/\" class=\"woocommerce-LoopProduct-link woocommerce-loop-product__link\"><img decoding=\"async\" src=\"https:\/\/site1.widetech-dz.com\/wp-content\/uploads\/2022\/07\/porte-vitre-accordeon.jpg\"><img decoding=\"async\" width=\"640\" height=\"480\" src=\"https:\/\/site1.widetech-dz.com\/wp-content\/uploads\/2022\/07\/porte-auto-coulissante-2.jpg\" class=\"premium-woo-product__on_hover\" alt=\"\" loading=\"lazy\" \/><\/a><div class=\"premium-woo-qv-data\" data-product-id=\"1393\"><\/div><\/div><div class=\"premium-woo-products-details-wrap\"><a href=\"https:\/\/site1.widetech-dz.com\/index.php\/product\/porte-coullisante-automatise\/\" class=\"premium-woo-product__link\"><a href=\"https:\/\/site1.widetech-dz.com\/index.php\/product\/porte-coullisante-automatise\/\"><h2 class=\"woocommerce-loop-product__title\">Porte Coullisante Automatis\u00e9<\/h2><\/a><\/a><\/div>\t<\/div>\r\n<\/li>\r\n\r\n<li class=\" post-1379 product last instock shipping-taxable product-type-simple\">\r\n\t<div class=\"premium-woo-product-wrapper\">\r\n\t\t<div class=\"premium-woo-product-thumbnail\"><a href=\"https:\/\/site1.widetech-dz.com\/index.php\/product\/porte-sectionnelle\/\" class=\"woocommerce-LoopProduct-link woocommerce-loop-product__link\"><img decoding=\"async\" src=\"https:\/\/site1.widetech-dz.com\/wp-content\/uploads\/2022\/07\/porte-sectionnelle.jpg\"><img decoding=\"async\" width=\"640\" height=\"480\" src=\"https:\/\/site1.widetech-dz.com\/wp-content\/uploads\/2022\/07\/porte-sectionnelle-2.jpg\" class=\"premium-woo-product__on_hover\" alt=\"\" loading=\"lazy\" \/><\/a><div class=\"premium-woo-qv-data\" data-product-id=\"1379\"><\/div><\/div><div class=\"premium-woo-products-details-wrap\"><a href=\"https:\/\/site1.widetech-dz.com\/index.php\/product\/porte-sectionnelle\/\" class=\"premium-woo-product__link\"><a href=\"https:\/\/site1.widetech-dz.com\/index.php\/product\/porte-sectionnelle\/\"><h2 class=\"woocommerce-loop-product__title\">PORTE SECTIONNELLE<\/h2><\/a><\/a><\/div>\t<\/div>\r\n<\/li>\r\n<\/ul>\n<nav class=\"premium-woo-products-pagination\">\r\n\t<ul class='page-numbers'>\n\t<li><span class=\"page-numbers current\">1<\/span><\/li>\n\t<li><a class=\"page-numbers\" href=\"https:\/\/site1.widetech-dz.com\/index.php\/wp-json\/wp\/v2\/pages\/1298\/page\/2\/\">2<\/a><\/li>\n\t<li><a class=\"next page-numbers\" href=\"https:\/\/site1.widetech-dz.com\/index.php\/wp-json\/wp\/v2\/pages\/1298\/page\/2\/\">Suivant \u00bb<\/a><\/li>\n<\/ul>\n<\/nav>\r\n<\/div><\/div><div class=\"premium-woo-quick-view-7f77714a\">\r\n\t<div class=\"premium-woo-quick-view-back\">\r\n\t\t<div class=\"premium-woo-quick-view-loader\"><\/div>\r\n\t<\/div>\r\n\t<div id=\"premium-woo-quick-view-modal\">\r\n\t\t<div class=\"premium-woo-content-main-wrapper\"><!--\r\n\t\t--><div class=\"premium-woo-content-main\">\r\n\t\t\t\t<div class=\"premium-woo-lightbox-content\">\r\n\t\t\t\t\t<div class=\"premium-woo-content-main-head\">\r\n\t\t\t\t\t\t<a href=\"#\" id=\"premium-woo-quick-view-close\" class=\"premium-woo-quick-view-close-btn fa fa-close\"><\/a>\r\n\t\t\t\t\t<\/div>\r\n\t\t\t\t\t<div id=\"premium-woo-quick-view-content\" class=\"woocommerce single-product\"><\/div>\r\n\t\t\t\t<\/div>\r\n\t\t\t<\/div>\r\n\t\t<\/div>\r\n\t<\/div>\r\n<\/div>\r\n\t\t<\/div>\n\t\t\t\t<\/div>\n\t\t\t\t\t<\/div>\n\t\t<\/div>\n\t\t\t\t\t\t\t<\/div>\n\t\t<\/section>\n\t\t\t\t\t\t\t<\/div>\n\t\t","protected":false},"excerpt":{"rendered":"<p>ACC\u00c8S B\u00c2TIMENTS FERMETURES INDUSTRIELLES Widetech Services Alg\u00e9rie, gr\u00e2ce \u00e0 son expertise et son exp\u00e9rience, choisie les meilleurs partenaires pour r\u00e9pondre, dans les meilleures conditions de qualit\u00e9 et de prix, \u00e0 toutes les exigences de vos b\u00e2timents, selon vos utilisations, et votre m\u00e9tier. Notre conseiller technique vous fait une offre apr\u00e8s r\u00e9ception du dossier technique (plans,&hellip;<\/p>\n","protected":false},"author":1,"featured_media":0,"parent":0,"menu_order":0,"comment_status":"closed","ping_status":"closed","template":"","meta":{"om_disable_all_campaigns":false,"_mi_skip_tracking":false},"aioseo_notices":[],"_links":{"self":[{"href":"https:\/\/site1.widetech-dz.com\/index.php\/wp-json\/wp\/v2\/pages\/1298"}],"collection":[{"href":"https:\/\/site1.widetech-dz.com\/index.php\/wp-json\/wp\/v2\/pages"}],"about":[{"href":"https:\/\/site1.widetech-dz.com\/index.php\/wp-json\/wp\/v2\/types\/page"}],"author":[{"embeddable":true,"href":"https:\/\/site1.widetech-dz.com\/index.php\/wp-json\/wp\/v2\/users\/1"}],"replies":[{"embeddable":true,"href":"https:\/\/site1.widetech-dz.com\/index.php\/wp-json\/wp\/v2\/comments?post=1298"}],"version-history":[{"count":16,"href":"https:\/\/site1.widetech-dz.com\/index.php\/wp-json\/wp\/v2\/pages\/1298\/revisions"}],"predecessor-version":[{"id":1388,"href":"https:\/\/site1.widetech-dz.com\/index.php\/wp-json\/wp\/v2\/pages\/1298\/revisions\/1388"}],"wp:attachment":[{"href":"https:\/\/site1.widetech-dz.com\/index.php\/wp-json\/wp\/v2\/media?parent=1298"}],"curies":[{"name":"wp","href":"https:\/\/api.w.org\/{rel}","templated":true}]}}